{"id":14,"date":"2025-10-02T14:58:39","date_gmt":"2025-10-02T14:58:39","guid":{"rendered":"https:\/\/janhaglund.com\/?page_id=14"},"modified":"2026-03-21T07:32:01","modified_gmt":"2026-03-21T07:32:01","slug":"luo-sivustosi-lohkoilla","status":"publish","type":"page","link":"https:\/\/janhaglund.com\/","title":{"rendered":"Jan Haglund"},"content":{"rendered":"\n<div class=\"wp-block-media-text has-media-on-the-right is-stacked-on-mobile\" style=\"grid-template-columns:auto 49%\"><div class=\"wp-block-media-text__content\">\n<p><strong>Jan Haglund<\/strong> on Vaasalainen kirjailija jonka esikoisteos &#8217;Kraak &#8211; mit\u00e4 lie r\u00e4pikointi\u00e4&#8221; julkaistiin vuonna 2025. Teos valikoitui 280 k\u00e4sikirjoituksen joukosta voittajaksi <a href=\"https:\/\/planeetta9.com\/\">Planeetta 9 <\/a>-kustantamon j\u00e4rjest\u00e4m\u00e4ss\u00e4 &#8221;Yll\u00e4t\u00e4 meid\u00e4t&#8221; Kirjoituskilpailussa.<\/p>\n<\/div><figure class=\"wp-block-media-text__media\"><img loading=\"lazy\" decoding=\"async\" width=\"1290\" height=\"968\" src=\"https:\/\/janhaglund.com\/wp-content\/uploads\/2026\/03\/f_0JI31H_0kK4-Sp7vdsHTZx3ZNNswxn7a-s8_GDTdstj6vty-Mn5PUxiRGudSrAQM7TlcFFlzzja8BB-X74NVBp6wIbBxxsHGzUSvf0sMVhZDr4b-5B8RciJuzD_-C1qVFVm9eZ-x-M.jpg\" alt=\"Kuva: Anneli Laurila\/Vaasa-lehti\" class=\"wp-image-174 size-full\"\/><\/figure><\/div>\n\n\n\n<ul class=\"wp-block-social-links aligncenter is-content-justification-right is-layout-flex wp-container-core-social-links-is-layout-765c4724 wp-block-social-links-is-layout-flex\"><li class=\"wp-social-link wp-social-link-instagram  wp-block-social-link\"><a href=\"https:\/\/www.instagram.com\/kir.jan.haglund\/\" class=\"wp-block-social-link-anchor\"><svg width=\"24\" height=\"24\" viewBox=\"0 0 24 24\" version=\"1.1\" xmlns=\"http:\/\/www.w3.org\/2000\/svg\" aria-hidden=\"true\" focusable=\"false\"><path d=\"M12,4.622c2.403,0,2.688,0.009,3.637,0.052c0.877,0.04,1.354,0.187,1.671,0.31c0.42,0.163,0.72,0.358,1.035,0.673 c0.315,0.315,0.51,0.615,0.673,1.035c0.123,0.317,0.27,0.794,0.31,1.671c0.043,0.949,0.052,1.234,0.052,3.637 s-0.009,2.688-0.052,3.637c-0.04,0.877-0.187,1.354-0.31,1.671c-0.163,0.42-0.358,0.72-0.673,1.035 c-0.315,0.315-0.615,0.51-1.035,0.673c-0.317,0.123-0.794,0.27-1.671,0.31c-0.949,0.043-1.233,0.052-3.637,0.052 s-2.688-0.009-3.637-0.052c-0.877-0.04-1.354-0.187-1.671-0.31c-0.42-0.163-0.72-0.358-1.035-0.673 c-0.315-0.315-0.51-0.615-0.673-1.035c-0.123-0.317-0.27-0.794-0.31-1.671C4.631,14.688,4.622,14.403,4.622,12 s0.009-2.688,0.052-3.637c0.04-0.877,0.187-1.354,0.31-1.671c0.163-0.42,0.358-0.72,0.673-1.035 c0.315-0.315,0.615-0.51,1.035-0.673c0.317-0.123,0.794-0.27,1.671-0.31C9.312,4.631,9.597,4.622,12,4.622 M12,3 C9.556,3,9.249,3.01,8.289,3.054C7.331,3.098,6.677,3.25,6.105,3.472C5.513,3.702,5.011,4.01,4.511,4.511 c-0.5,0.5-0.808,1.002-1.038,1.594C3.25,6.677,3.098,7.331,3.054,8.289C3.01,9.249,3,9.556,3,12c0,2.444,0.01,2.751,0.054,3.711 c0.044,0.958,0.196,1.612,0.418,2.185c0.23,0.592,0.538,1.094,1.038,1.594c0.5,0.5,1.002,0.808,1.594,1.038 c0.572,0.222,1.227,0.375,2.185,0.418C9.249,20.99,9.556,21,12,21s2.751-0.01,3.711-0.054c0.958-0.044,1.612-0.196,2.185-0.418 c0.592-0.23,1.094-0.538,1.594-1.038c0.5-0.5,0.808-1.002,1.038-1.594c0.222-0.572,0.375-1.227,0.418-2.185 C20.99,14.751,21,14.444,21,12s-0.01-2.751-0.054-3.711c-0.044-0.958-0.196-1.612-0.418-2.185c-0.23-0.592-0.538-1.094-1.038-1.594 c-0.5-0.5-1.002-0.808-1.594-1.038c-0.572-0.222-1.227-0.375-2.185-0.418C14.751,3.01,14.444,3,12,3L12,3z M12,7.378 c-2.552,0-4.622,2.069-4.622,4.622S9.448,16.622,12,16.622s4.622-2.069,4.622-4.622S14.552,7.378,12,7.378z M12,15 c-1.657,0-3-1.343-3-3s1.343-3,3-3s3,1.343,3,3S13.657,15,12,15z M16.804,6.116c-0.596,0-1.08,0.484-1.08,1.08 s0.484,1.08,1.08,1.08c0.596,0,1.08-0.484,1.08-1.08S17.401,6.116,16.804,6.116z\"><\/path><\/svg><span class=\"wp-block-social-link-label screen-reader-text\">Instagram<\/span><\/a><\/li>\n\n<li class=\"wp-social-link wp-social-link-tiktok  wp-block-social-link\"><a href=\"https:\/\/www.tiktok.com\/@kir.jan.haglund\" class=\"wp-block-social-link-anchor\"><svg width=\"24\" height=\"24\" viewBox=\"0 0 32 32\" version=\"1.1\" xmlns=\"http:\/\/www.w3.org\/2000\/svg\" aria-hidden=\"true\" focusable=\"false\"><path d=\"M16.708 0.027c1.745-0.027 3.48-0.011 5.213-0.027 0.105 2.041 0.839 4.12 2.333 5.563 1.491 1.479 3.6 2.156 5.652 2.385v5.369c-1.923-0.063-3.855-0.463-5.6-1.291-0.76-0.344-1.468-0.787-2.161-1.24-0.009 3.896 0.016 7.787-0.025 11.667-0.104 1.864-0.719 3.719-1.803 5.255-1.744 2.557-4.771 4.224-7.88 4.276-1.907 0.109-3.812-0.411-5.437-1.369-2.693-1.588-4.588-4.495-4.864-7.615-0.032-0.667-0.043-1.333-0.016-1.984 0.24-2.537 1.495-4.964 3.443-6.615 2.208-1.923 5.301-2.839 8.197-2.297 0.027 1.975-0.052 3.948-0.052 5.923-1.323-0.428-2.869-0.308-4.025 0.495-0.844 0.547-1.485 1.385-1.819 2.333-0.276 0.676-0.197 1.427-0.181 2.145 0.317 2.188 2.421 4.027 4.667 3.828 1.489-0.016 2.916-0.88 3.692-2.145 0.251-0.443 0.532-0.896 0.547-1.417 0.131-2.385 0.079-4.76 0.095-7.145 0.011-5.375-0.016-10.735 0.025-16.093z\" \/><\/svg><span class=\"wp-block-social-link-label screen-reader-text\">TikTok<\/span><\/a><\/li>\n\n<li class=\"wp-social-link wp-social-link-youtube  wp-block-social-link\"><a href=\"https:\/\/www.youtube.com\/@janhaglund\" class=\"wp-block-social-link-anchor\"><svg width=\"24\" height=\"24\" viewBox=\"0 0 24 24\" version=\"1.1\" xmlns=\"http:\/\/www.w3.org\/2000\/svg\" aria-hidden=\"true\" focusable=\"false\"><path d=\"M21.8,8.001c0,0-0.195-1.378-0.795-1.985c-0.76-0.797-1.613-0.801-2.004-0.847c-2.799-0.202-6.997-0.202-6.997-0.202 h-0.009c0,0-4.198,0-6.997,0.202C4.608,5.216,3.756,5.22,2.995,6.016C2.395,6.623,2.2,8.001,2.2,8.001S2,9.62,2,11.238v1.517 c0,1.618,0.2,3.237,0.2,3.237s0.195,1.378,0.795,1.985c0.761,0.797,1.76,0.771,2.205,0.855c1.6,0.153,6.8,0.201,6.8,0.201 s4.203-0.006,7.001-0.209c0.391-0.047,1.243-0.051,2.004-0.847c0.6-0.607,0.795-1.985,0.795-1.985s0.2-1.618,0.2-3.237v-1.517 C22,9.62,21.8,8.001,21.8,8.001z M9.935,14.594l-0.001-5.62l5.404,2.82L9.935,14.594z\"><\/path><\/svg><span class=\"wp-block-social-link-label screen-reader-text\">YouTube<\/span><\/a><\/li>\n\n<li class=\"wp-social-link wp-social-link-goodreads  wp-block-social-link\"><a href=\"https:\/\/www.goodreads.com\/author\/show\/58113757.Jan_Haglund\" class=\"wp-block-social-link-anchor\"><svg width=\"24\" height=\"24\" viewBox=\"0 0 24 24\" version=\"1.1\" xmlns=\"http:\/\/www.w3.org\/2000\/svg\" aria-hidden=\"true\" focusable=\"false\"><path d=\"M17.3,17.5c-0.2,0.8-0.5,1.4-1,1.9c-0.4,0.5-1,0.9-1.7,1.2C13.9,20.9,13.1,21,12,21c-0.6,0-1.3-0.1-1.9-0.2 c-0.6-0.1-1.1-0.4-1.6-0.7c-0.5-0.3-0.9-0.7-1.2-1.2c-0.3-0.5-0.5-1.1-0.5-1.7h1.5c0.1,0.5,0.2,0.9,0.5,1.2 c0.2,0.3,0.5,0.6,0.9,0.8c0.3,0.2,0.7,0.3,1.1,0.4c0.4,0.1,0.8,0.1,1.2,0.1c1.4,0,2.5-0.4,3.1-1.2c0.6-0.8,1-2,1-3.5v-1.7h0 c-0.4,0.8-0.9,1.4-1.6,1.9c-0.7,0.5-1.5,0.7-2.4,0.7c-1,0-1.9-0.2-2.6-0.5C8.7,15,8.1,14.5,7.7,14c-0.5-0.6-0.8-1.3-1-2.1 c-0.2-0.8-0.3-1.6-0.3-2.5c0-0.9,0.1-1.7,0.4-2.5c0.3-0.8,0.6-1.5,1.1-2c0.5-0.6,1.1-1,1.8-1.4C10.3,3.2,11.1,3,12,3 c0.5,0,0.9,0.1,1.3,0.2c0.4,0.1,0.8,0.3,1.1,0.5c0.3,0.2,0.6,0.5,0.9,0.8c0.3,0.3,0.5,0.6,0.6,1h0V3.4h1.5V15 C17.6,15.9,17.5,16.7,17.3,17.5z M13.8,14.1c0.5-0.3,0.9-0.7,1.3-1.1c0.3-0.5,0.6-1,0.8-1.6c0.2-0.6,0.3-1.2,0.3-1.9 c0-0.6-0.1-1.2-0.2-1.9c-0.1-0.6-0.4-1.2-0.7-1.7c-0.3-0.5-0.7-0.9-1.3-1.2c-0.5-0.3-1.1-0.5-1.9-0.5s-1.4,0.2-1.9,0.5 c-0.5,0.3-1,0.7-1.3,1.2C8.5,6.4,8.3,7,8.1,7.6C8,8.2,7.9,8.9,7.9,9.5c0,0.6,0.1,1.3,0.2,1.9C8.3,12,8.6,12.5,8.9,13 c0.3,0.5,0.8,0.8,1.3,1.1c0.5,0.3,1.1,0.4,1.9,0.4C12.7,14.5,13.3,14.4,13.8,14.1z\"><\/path><\/svg><span class=\"wp-block-social-link-label screen-reader-text\">Goodreads<\/span><\/a><\/li><\/ul>\n\n\n\n<p class=\"has-text-align-center\">Kirjasta sanottua:<\/p>\n\n\n\n<div class=\"wp-block-gslider-blocks-flexi-content gslider-flexi-content-wrapper gslider-flexi-content-aa0c189d inside center has-pagination\" data-swiper-settings=\"{&quot;effect&quot;:&quot;slide&quot;,&quot;breakpoints&quot;:{&quot;0&quot;:{&quot;speed&quot;:800,&quot;autoplay&quot;:false,&quot;navigation&quot;:{&quot;enabled&quot;:true},&quot;pagination&quot;:{&quot;enabled&quot;:true}},&quot;768&quot;:{&quot;speed&quot;:800,&quot;autoplay&quot;:false,&quot;navigation&quot;:{&quot;enabled&quot;:true},&quot;pagination&quot;:{&quot;enabled&quot;:true}},&quot;1025&quot;:{&quot;speed&quot;:800,&quot;autoplay&quot;:false,&quot;navigation&quot;:{&quot;enabled&quot;:true},&quot;pagination&quot;:{&quot;enabled&quot;:true}}},&quot;loop&quot;:true,&quot;autoplay&quot;:false,&quot;allowTouchMove&quot;:true,&quot;mousewheel&quot;:false,&quot;keyboard&quot;:false,&quot;navigation&quot;:{&quot;enabled&quot;:true,&quot;nextEl&quot;:&quot;.swiper-button-next&quot;,&quot;prevEl&quot;:&quot;.swiper-button-prev&quot;},&quot;pagination&quot;:{&quot;enabled&quot;:true,&quot;el&quot;:&quot;.gslider-flexi-content-aa0c189d .swiper-pagination-flexi-content&quot;,&quot;type&quot;:&quot;bullets&quot;,&quot;dynamicBullets&quot;:false,&quot;clickable&quot;:true}}\"><div class=\"swiper \"><div class=\"swiper-wrapper gslider-swiper-wrapper\">\n<div class=\"wp-block-gslider-blocks-flexi-content-item flexi-content-item swiper-slide gslider-flexi-content-item-24e844cd\"><div class=\"gslider-content-wrapper\"><div class=\"gslider-content-inner-wrapper\">\n<p>&nbsp;&#8221;<em>Kraak \u2013 mit\u00e4 lie r\u00e4pik\u00f6inti\u00e4<\/em>&nbsp;on tarina harhailusta, kaipuusta ja siit\u00e4, miten vaikeaa on pysy\u00e4 paikallaan \u2013 niin fyysisesti kuin henkisestikin.&nbsp;Teos on kiehtova, hallitun kaoottinen ja poikkeuksellisen omaper\u00e4inen romaani.&#8221;&nbsp;&#8211; Arviot.net<\/p>\n<\/div><\/div><\/div>\n\n\n\n<div class=\"wp-block-gslider-blocks-flexi-content-item flexi-content-item swiper-slide gslider-flexi-content-item-f5110ca0\"><div class=\"gslider-content-wrapper\"><div class=\"gslider-content-inner-wrapper\">\n<p>&#8221;Haglund kirjoittaa rytmill\u00e4, joka on yht\u00e4 aikaa poeettinen ja puhekielinen, t\u00e4ynn\u00e4 pient\u00e4 surua ja kuivaa huumoria.&nbsp;&#8221;<\/p>\n<\/div><\/div><\/div>\n\n\n\n<div class=\"wp-block-gslider-blocks-flexi-content-item flexi-content-item swiper-slide gslider-flexi-content-item-63d11dd2\"><div class=\"gslider-content-wrapper\"><div class=\"gslider-content-inner-wrapper\">\n<p>&#8221;Tarina resonoi lukijan ajatusmaailmasta l\u00e4htev\u00e4sti jokaiselle eri tavalla.&#8221; &#8211; Kirjamaa<\/p>\n<\/div><\/div><\/div>\n<\/div><div class=\"gslider-navigation-default-icon-wrapper inside center\"><div class=\"swiper-button-prev\" role=\"button\" tabindex=\"0\" aria-label=\"Previous slide\"><\/div><div class=\"swiper-button-next\" role=\"button\" tabindex=\"0\" aria-label=\"Next slide\"><\/div><\/div><div class=\"swiper-pagination swiper-pagination-flexi-content\" aria-label=\"Carousel pagination\"><\/div><\/div><\/div>\n","protected":false},"excerpt":{"rendered":"<p>Jan Haglund on Vaasalainen kirjailija jonka esikoisteos &#8217;Kraak &#8211; mit\u00e4 lie r\u00e4pikointi\u00e4&#8221; julkaistiin vuonna 2025. Teos valikoitui 280 k\u00e4sikirjoituksen joukosta voittajaksi Planeetta 9 -kustantamon j\u00e4rjest\u00e4m\u00e4ss\u00e4 &#8221;Yll\u00e4t\u00e4 meid\u00e4t&#8221; Kirjoituskilpailussa. Kirjasta sanottua:<\/p>\n","protected":false},"author":1,"featured_media":0,"parent":0,"menu_order":0,"comment_status":"closed","ping_status":"closed","template":"","meta":{"footnotes":""},"class_list":["post-14","page","type-page","status-publish","hentry","entry"],"_links":{"self":[{"href":"https:\/\/janhaglund.com\/index.php?rest_route=\/wp\/v2\/pages\/14","targetHints":{"allow":["GET"]}}],"collection":[{"href":"https:\/\/janhaglund.com\/index.php?rest_route=\/wp\/v2\/pages"}],"about":[{"href":"https:\/\/janhaglund.com\/index.php?rest_route=\/wp\/v2\/types\/page"}],"author":[{"embeddable":true,"href":"https:\/\/janhaglund.com\/index.php?rest_route=\/wp\/v2\/users\/1"}],"replies":[{"embeddable":true,"href":"https:\/\/janhaglund.com\/index.php?rest_route=%2Fwp%2Fv2%2Fcomments&post=14"}],"version-history":[{"count":27,"href":"https:\/\/janhaglund.com\/index.php?rest_route=\/wp\/v2\/pages\/14\/revisions"}],"predecessor-version":[{"id":185,"href":"https:\/\/janhaglund.com\/index.php?rest_route=\/wp\/v2\/pages\/14\/revisions\/185"}],"wp:attachment":[{"href":"https:\/\/janhaglund.com\/index.php?rest_route=%2Fwp%2Fv2%2Fmedia&parent=14"}],"curies":[{"name":"wp","href":"https:\/\/api.w.org\/{rel}","templated":true}]}}